4.
232
What is the remainder when 509 is divided by 166?
11
Calculate the remainder when 7721 is divided by 1280.
41
Calculate the remainder when 260 is divided by 194.
66
Calculate the remainder when 3352 is divided by 3038.
314
Calculate the remainder when 1516 is divided by 131.
75
What is the remainder when 38542 is divided by 292?
290
What is the remainder when 971564 is divided by 142?
0
Calculate the remainder when 669 is divided by 34.
23
Calculate the remainder when 12075 is divided by 22.
19
Calculate the remainder when 217853 is divided by 781.
735
Calculate the remainder when 279390 is divided by 7.
6
What is the remainder when 7409 is divided by 17?
14
Calculate the remainder when 181734 is divided by 114.
18
What is the remainder when 13153 is divided by 57?
43
Calculate the remainder when 20494 is divided by 71.
46
What is the remainder when 454153 is divided by 19?
15
What is the remainder when 5751 is divided by 1873?
132
What is the remainder when 274439 is divided by 91474?
17
What is the remainder when 1557 is divided by 57?
18
Calculate the remainder when 53500 is divided by 172.
8
What is the remainder when 2643262 is divided by 706?
704
Calculate the remainder when 938 is divided by 825.
113
Calculate the remainder when 16974 is divided by 455.
139
Calculate the remainder when 42396 is divided by 14131.
3
Calculate the remainder when 2076 is divided by 570.
366
What is the remainder when 25171 is divided by 8349?
124
What is the remainder when 6657 is divided by 1738?
1443
What is the remainder when 36113 is divided by 175?
63
Calculate the remainder when 71069 is divided by 2629.
86
What is the remainder when 9456 is divided by 705?
291
Calculate the remainder when 7196 is divided by 7108.
88
What is the remainder when 418 is divided by 351?
67
What is the remainder when 44840 is divided by 1318?
28
Calculate the remainder when 7821 is divided by 7809.
12
Calculate the remainder when 435260 is divided by 43.
14
Calculate the remainder when 10558412 is divided by 35.
32
Calculate the remainder when 4869 is divided by 989.
913
What is the remainder when 1662 is divided by 186?
174
What is the remainder when 9718 is divided by 808?
22
What is the remainder when 38488 is divided by 557?
55
Calculate the remainder when 136160 is divided by 419.
404
Calculate the remainder when 27247 is divided by 10.
7
What is the remainder when 15008 is divided by 65?
58
What is the remainder when 280 is divided by 11?
5
Calculate the remainder when 4891 is divided by 693.
40
What is the remainder when 7287 is divided by 930?
777
What is the remainder when 933132 is divided by 185?
177
What is the remainder when 282080 is divided by 29?
26
Calculate the remainder when 2365 is divided by 352.
253
What is the remainder when 349 is divided by 12?
1
What is the remainder when 266075 is divided by 18?
17
What is the remainder when 351390 is divided by 158?
156
Calculate the remainder when 2548 is divided by 631.
24
Calculate the remainder when 19997 is divided by 100.
97
What is the remainder when 86031 is divided by 16?
15
Calculate the remainder when 134807 is divided by 246.
245
Calculate the remainder when 514355 is divided by 271.
268
Calculate the remainder when 963 is divided by 936.
27
What is the remainder when 775 is divided by 362?
51
What is the remainder when 36836 is divided by 29?
6
Calculate the remainder when 11812 is divided by 3779.
475
Calculate the remainder when 188389 is divided by 7.
5
Calculate the remainder when 46357 is divided by 51.
49
Calculate the remainder when 4645 is divided by 155.
150
What is the remainder when 9707 is divided by 82?
31
Calculate the remainder when 18054 is divided by 4513.
2
What is the remainder when 14271 is divided by 4754?
9
What is the remainder when 11063 is divided by 10934?
129
Calculate the remainder when 84907 is divided by 109.
105
What is the remainder when 6603 is divided by 3276?
51
Calculate the remainder when 210081 is divided by 732.
729
What is the remainder when 604841 is divided by 54?
41
What is the remainder when 6606 is divided by 2200?
6
What is the remainder when 1113 is divided by 79?
7
Calculate the remainder when 508879 is divided by 80.
79
Calculate the remainder when 68419 is divided by 296.
43
What is the remainder when 3090 is divided by 1041?
1008
Calculate the remainder when 8454 is divided by 6029.
2425
What is the remainder when 6713 is divided by 1206?
683
What is the remainder when 14575 is divided by 7211?
153
What is the remainder when 16574 is divided by 4071?
290
Calculate the remainder when 20061 is divided by 9894.
273
What is the remainder when 64902 is divided by 33?
24
What is the remainder when 56160 is divided by 62?
50
What is the remainder when 454009 is divided by 1474?
17
What is the remainder when 36726 is divided by 77?
74
Calculate the remainder when 12573 is divided by 1794.
15
Calculate the remainder when 858517 is divided by 202.
17
Calculate the remainder when 4763 is divided by 319.
297
What is the remainder when 21264 is divided by 10631?
2
What is the remainder when 4753 is divided by 445?
303
What is the remainder when 416225 is divided by 208105?
15
What is the remainder when 905 is divided by 26?
21
What is the remainder when 8081 is divided by 86?
83
What is the remainder when 1138696 is divided by 336?
328
What is the remainder when 17901 is divided by 24?
21
Calculate the remainder when 5046 is divided by 286.
184
What is the remainder when 958 is divided by 474?
10
What is the remainder when 11092 is divided by 5308?
476
Calculate the remainder when 24016 is divided by 4786.
86
What is the remainder when 630256 is divided by 7162?
0
Calculate the remainder when 8465 is divided by 394.
191
Calculate the remainder when 48187 is divided by 12.
7
Calculate the remainder when 17150 is divided by 1715.
0
What is the remainder when 14869 is divided by 2124?
1
Calculate the remainder when 10083 is divided by 3360.
3
What is the remainder when 8408 is divided by 175?
8
Calculate the remainder when 516221 is divided by 21.
20
What is the remainder when 1256726 is divided by 3915?
11
Calculate the remainder when 130566 is divided by 340.
6
What is the remainder when 687 is divided by 115?
112
Calculate the remainder when 14245 is divided by 14.
7
Calculate the remainder when 902 is divided by 803.
99
What is the remainder when 15815 is divided by 610?
565
Calculate the remainder when 26198 is divided by 289.
188
What is the remainder when 10607 is divided by 482?
3
Calculate the remainder when 18720 is divided by 2326.
112
What is the remainder when 12295 is divided by 17?
4
What is the remainder when 35837 is divided by 29?
22
Calculate the remainder when 136209 is divided by 12.
9
What is the remainder when 779510 is divided by 1402?
1400
What is the remainder when 39243 is divided by 147?
141
Calculate the remainder when 8056 is divided by 368.
328
Calculate the remainder when 51019 is divided by 277.
51
What is the remainder when 2652 is divided by 1321?
10
What is the remainder when 226 is divided by 99?
28
What is the remainder when 18236 is divided by 8888?
460
What is the remainder when 6676 is divided by 267?
1
Calculate the remainder when 27403 is divided by 19.
5
Calculate the remainder when 34539 is divided by 245.
239
Calculate the remainder when 1741 is divided by 1674.
67
What is the remainder when 169098 is divided by 16?
10
What is the remainder when 1790 is divided by 151?
129
What is the remainder when 27138 is divided by 3009?
57
What is the remainder when 162889 is divided by 54296?
1
Calculate the remainder when 172182 is divided by 86085.
12
What is the remainder when 264267 is divided by 554?
9
Calculate the remainder when 11470 is divided by 2081.
1065
Calculate the remainder when 16581 is divided by 9.
3
Calculate the remainder when 461513 is divided by 6.
5
What is the remainder when 19366 is divided by 1760?
6
What is the remainder when 433740 is divided by 625?
615
What is the remainder when 5508 is divided by 2301?
906
Calculate the remainder when 349711 is divided by 6358.
21
What is the remainder when 470343 is divided by 95?
93
Calculate the remainder when 2011 is divided by 999.
13
What is the re